t of 2771251201?
7
What is the billions digit of 1865742238?
1
What is the hundreds digit of 85026693?
6
What is the hundred millions digit of 3815453321?
8
What is the hundred thousands digit of 5576913853?
9
What is the ten millions digit of 10275190?
1
What is the tens digit of 492159143?
4
What is the millions digit of 2486856204?
6
What is the thousands digit of 3246649035?
9
What is the hundred thousands digit of 4389299178?
2
What is the tens digit of 179659565?
6
What is the thousands digit of 2120687?
0
What is the tens digit of 907122437?
3
What is the tens digit of 584787530?
3
What is the ten thousands digit of 2110487315?
8
What is the millions digit of 105562813?
5
What is the millions digit of 406873490?
6
What is the ten thousands digit of 143274761?
7
What is the ten thousands digit of 89806213?
0
What is the ten millions digit of 3676000793?
7
What is the ten thousands digit of 964748449?
4
What is the tens digit of 244233306?
0
What is the ten thousands digit of 2043579994?
7
What is the hundred thousands digit of 898044301?
0
What is the units digit of 326997058?
8
What is the thousands digit of 217618356?
8
What is the hundred millions digit of 1507135123?
5
What is the units digit of 5673654225?
5
What is the units digit of 139506208?
8
What is the thousands digit of 3913139927?
9
What is the millions digit of 105950242?
5
What is the ten thousands digit of 2930725714?
2
What is the hundred thousands digit of 33549012?
5
What is the hundred thousands digit of 192710839?
7
What is the tens digit of 78083430?
3
What is the ten thousands digit of 1040034053?
3
What is the billions digit of 1064099597?
1
What is the thousands digit of 183811457?
1
What is the hundreds digit of 361183421?
4
What is the thousands digit of 1193147718?
7
What is the thousands digit of 550489316?
9
What is the tens digit of 97042628?
2
What is the ten millions digit of 698285826?
9
What is the ten millions digit of 238408889?
3
What is the ten millions digit of 100480589?
0
What is the tens digit of 16112542?
4
What is the millions digit of 494017723?
4
What is the hundred thousands digit of 10761783?
7
What is the hundred millions digit of 300706581?
3
What is the ten millions digit of 238693244?
3
What is the tens digit of 133520793?
9
What is the thousands digit of 593084883?
4
What is the units digit of 367710763?
3
What is the millions digit of 3479803454?
9
What is the hundred millions digit of 141846407?
1
What is the ten millions digit of 1103354599?
0
What is the hundreds digit of 146947835?
8
What is the ten thousands digit of 89335564?
3
What is the hundred thousands digit of 12691533?
6
What is the millions digit of 2078116228?
8
What is the units digit of 88126649?
9
What is the hundreds digit of 333978886?
8
What is the tens digit of 143794902?
0
What is the millions digit of 3764613838?
4
What is the millions digit of 253460386?
3
What is the tens digit of 70076707?
0
What is the hundreds digit of 20190147?
1
What is the hundred thousands digit of 212832231?
8
What is the ten millions digit of 154648877?
5
What is the units digit of 2545815?
5
What is the hundred thousands digit of 522043133?
0
What is the hundred millions digit of 119962275?
1
What is the thousands digit of 1326528807?
8
What is the hundreds digit of 190235420?
4
What is the tens digit of 1137195651?
5
What is the billions digit of 6469123947?
6
What is the hundred millions digit of 3805151461?
8
What is the millions digit of 8476919229?
6
What is the millions digit of 12445103?
2
What is the ten millions digit of 11546846?
1
What is the millions digit of 195945894?
5
What is the units digit of 7329964382?
2
What is the tens digit of 1329584723?
2
What is the hundred thousands digit of 3105609285?
6
What is the ten thousands digit of 636960020?
6
What is the ten millions digit of 4423319214?
2
What is the hundred thousands digit of 1168180590?
1
What is the units digit of 33816535?
5
What is the thousands digit of 508616516?
6
What is the thousands digit of 41233444?
3
What is the hundreds digit of 1008243759?
7
What is the tens digit of 113377981?
8
What is the ten millions digit of 115861428?
1
What is the ten millions digit of 4436269116?
3
What is the ten millions digit of 47834972?
4
What is the ten millions digit of 3550842057?
5
What is the ten thousands digit of 3036073925?
7
What is the ten thousands digit of 8057743?
5
What is the hundred millions digit of 700353208?
7
What is the thousands digit of 31617651?
7
What is the tens digit of 777048033?
3
What is the millions digit of 9519291?
9
What is the hundreds digit of 41414101?
1
What is the tens digit of 141837558?
5
What is the units digit of 63892615?
5
What is the hundred thousands digit of 104379637?
3
What is the ten millions digit of 214956856?
1
What is the ten millions digit of 231669193?
3
What is the millions digit of 722097179?
2
What is the millions digit of 31226173?
1
What is the ten millions digit of 38827607?
3
What is the units digit of 3309927539?
9
What is the ten millions digit of 7815116086?
1
What is the ten thousands digit of 2958494285?
9
What is the ten millions digit of 891205293?
9
What is the thousands digit of 150360202?
0
What is the hundreds digit of 188522484?
4
What is the ten millions digit of 93752689?
9
What is the ten thousands digit of 1439132928?
3
What is the hundred millions digit of 169212024?
1
What is the ten thousands digit of 40156293?
5
What is the thousands digit of 43755153?
5
What is the tens digit of 400862647?
4
What is the hundreds digit of 1723370836?
8
What is the hundred thousands digit of 374327332?
3
What is the hundred millions digit of 251500254?
2
What is the units digit of 43304698?
8
What is the ten millions digit of 167428446?
6
What is the hundred thousands digit of 50111345?
1
What is the hundred thousands digit of 156369458?
3
What is the millions digit of 11728448?
1
What is the units digit of 329974947?
7
What is the ten thousands digit of 75284278?
8
What is the ten millions digit of 484981664?
8
What is the hundreds digit of 2493369500?
5
What is the millions digit of 731308463?
1
What is the thousands digit of 187234918?
4
What is the tens digit of 819594673?
7
What is the ten thousands digit of 828832213?
3
What is the hundreds digit of 99974853?
8
What is the ten thousands digit of 52047126?
4
What is the ten millions digit of 108112278?
0
What is the millions digit of 11787238?
1
What is the units digit of 303044052?
2
What is the hundreds digit of 62803145?
1
What is the thousands digit of 253456585?
6
What is the units digit of 683145828?
8
What is the millions digit of 223755886?
3
What is the thousands digit of 41042287?
2
What is the hundred millions digit of 136806512?
1
What is the thousands digit of 13998797?
8
What is the hundred thousands digit of 1540432237?
4
What is the thousands digit of 97066881?
6
What is the hundred thousands digit of 2099454367?
4
What is the millions digit of 114898116?
4
What is the hundred millions digit of 4780803111?
7
What is the ten thousands digit of 69176814?
7
What is the billions digit of 3447608605?
3
What is the ten millions digit of 527330141?
2
What is the hundreds digit of 1832265672?
6
What is the hundred thousands digit of 47673409?
6
What is the hundreds digit of 820980408?
4
What is the hundred thousands digit of 16101208?
1
What is the hundreds digit of 1536489767?
7
What is the ten thousands digit of 53446496?
4
What is the hundreds digit of 5793345?
3
What is the ten thousands digit of 216608649?
0
What is the thousands digit of 1672572851?
2
What is the hundred millions digit of 977087090?
9
What is the hundred thousands digit of 202246420?
2
What is the hundred thousands digit of 64636249?
6
What is the hundred thousands digit of 1117082883?
0
What is the thousands digit of 768744533?
4
What is the hundred millions digit of 1297505954?
2
What is the ten millions digit of 96184477?
9
What is the hundred thousands digit of 7813849?
8
What is the ten thousands digit of 24281163?
8
What is the hundreds digit of 469377370?
3
What is the hundred millions digit of 117324871?
1
What is the millions digit of 44906823?
4
What is the ten millions digit of 365105342?
6
What is 